s 2 + -1 - (10 - 11 - -3)?
-1
What is the value of (7 - 7 - 4) + 6?
2
-1 + 1 + 3 - (-1 + 2)
2
Calculate -11 - -5 - -12 - (3 - -1).
2
What is 0 - (-3 - (-4 - (3 + -1)))?
-3
(-10 - -15 - 6) + 3
2
What is 5 + (0 - -1 - 3 - 0)?
3
What is the value of (-10 - (-3 - 5)) + -2?
-4
(7 - 6) + 4 - (-3 + 9)
-1
What is the value of (2 - -1) + 1 + -6?
-2
Evaluate -9 - (-7 + -1 - -8).
-9
-6 - (8 - (24 + -5))
5
What is -3 - (-11 - -5) - (3 - 2)?
2
Calculate 2 - (5 + -1 + 1 + -3).
0
Calculate -2 - (-6 + 6 - 6).
4
Evaluate -2 + 2 + -3 + 6 + -5.
-2
Calculate -17 + 13 + 9 + -1.
4
6 + (-2 - (0 + 1))
3
What is the value of 2 + -4 + -4 + 3?
-3
Calculate 5 + (-3 + -1 - 5).
-4
Evaluate (34 - 36) + 2 + (-1 - 2).
-3
What is -4 - (-11 + (6 - 3))?
4
Evaluate (-2 - 7) + 11 - 4.
-2
What is the value of -5 + (4 - 0) + 4?
3
Evaluate 4 - (-1 - 0 - -1) - 5.
-1
What is the value of -3 - (1 - (1 - -3)) - 0?
0
Evaluate -6 + (-1 - -9 - (-1 + 1)).
2
What is -3 - (-6 - (-5 - (-6 + 4)))?
0
What is 4 - (3 - -1 - (2 - -2))?
4
What is the value of -8 + 5 - -3 - 2?
-2
What is the value of (6 - 0) + (-15 - -6)?
-3
What is 1 - (-1 - -1) - (-123 - -116)?
8
What is the value of -3 - (-4 + 3) - -7?
5
Calculate (5 - 5) + -3 + 8 + 3.
8
Evaluate 10 + -10 + 0 + 0.
0
What is 4 - (10 - (1 + 1))?
-4
Calculate 1 + 2 + 0 + 1 + -5.
-1
What is the value of -1 - 4 - (0 - (-3 - -6))?
-2
What is -4 - (-11 + (-10 - -9))?
8
Calculate -2 + 10 + -3 + -1.
4
21 - 26 - (-1 - (3 + -1))
-2
-8 + -2 + (-1 - -7)
-4
Calculate (-17 - -3) + (-40 - -46).
-8
Calculate (15 - 18) + (0 - 1).
-4
Evaluate 7 - 13 - -8 - 6.
-4
What is -9 - (-18 - 9) - 9?
9
Evaluate 8 - 6 - (1 + -4).
5
Evaluate (-6 + 1 - (11 - 13)) + 0.
-3
Calculate -4 + 4 + -4 + 3.
-1
What is -1 + 0 - (1 - 1)?
-1
9 + -2 - (4 + 1 - 3)
5
What is (1 - -8) + -7 - 8?
-6
Calculate (1 - 6 - -3) + -1.
-3
What is -1 + -2 + 4 - -1?
2
What is -7 - ((-5 - -1) + 2)?
-5
Evaluate 3 + (-1 - (-1 - -2)).
1
Evaluate -10 + (13 - 6) - 1.
-4
4 + (0 - 6 - 3)
-5
What is 2 + -5 + 3 - -3?
3
Evaluate 2 + -1 - (-14 + 14).
1
Calculate -2 - (3 + 0 + -3) - 1.
-3
Calculate -4 - (3 - (-3 - (-2 + -3))).
-5
-1 + -2 + 9 + -5 + 2
3
Evaluate (4 - 10) + (8 - (-1 - 1)).
4
8 + 1 - (113 + -107)
3
What is the value of 0 - 1 - (1 - -1 - 3)?
0
6 + -6 + 2 + -5 + 7
4
Calculate (-6 + 4 - -5) + -7.
-4
What is 8 - 3 - (0 + 7)?
-2
What is the value of (-2 - -1) + 43 + -41?
1
Calculate (-2 - -6) + -7 + 3 + -2.
-2
Evaluate 5 + -6 + (3 - 7) + 1.
-4
Calculate -96 + 104 + -11 + 2 + 1.
0
Calculate -7 - (4 + -14 - 0).
3
What is -3 + 1 + -7 + 4 - -4?
-1
Calculate 5 - (10 - (4 + 8)).
7
(0 - 2 - 2) + 4
0
What is (-1 - 1) + 4 + 7 + 0?
9
What is the value of (-7 - -5) + 2 + -3?
-3
-4 + -5 + 10 + -4
-3
Calculate 5 + (-1 - (13 + -8)) - -4.
3
What is the value of 11 + 5 + -3 + -6?
7
What is the value of (-6 - (-9 - -7)) + 6?
2
Evaluate (1 - -5 - 9) + -2 - 1.
-6
5 - 5 - (0 + 10 + -1)
-9
6 - (8 + 2 + -3 + -3)
2
Calculate 2 + 2 + 0 + -1.
3
Evaluate -3 - (1 - (-3 + 6)) - 2.
-3
Calculate (1 - 6) + (-13 - -23) + -5.
0
11 + -3 + (0 - 3) + 2
7
What is (2 - (4 + -11)) + -7?
2
0 + -6 + 14 - 9
-1
-2 - (-3 + 3 + -5)
3
Calculate (5 - (10 - 6)) + -8.
-7
Evaluate 8 - 4 - 3 - (0 - 1).
2
Evaluate -2 - (-3 - (6 + (-9 - -4))).
2
Evaluate 32 + -43 + 0 + 2 - -4.
-5
-3 + 0 + (-2 - -1)
-4
Evaluate (-8 + 14 - 5) + -3.
-2
What is the value of 4 + -7 - -5 - (-5 - -2)?
5
Evaluate 11 - 7 - (1 - (3 + -4)).
2
Evaluate 7 - -1 - (3 + 2) - 5.
-2
What is the value of -4 + (3 + -9 - -14)?
4
Evaluate 14 + -17 + -1 + 0 + 7.
3
What is the value of -2 + -5 + 18 + 1 + -5?
7
What is -10 - -5 - (-7 + 5 - 0)?
-3
What is (3 + 2 + -2 - 0) + -4?
-1
Evaluate -1 + 1 + 0 + -3.
-3
What is the value of -5 + 12 + -10 - (0 + -5)?
2
What is the value of (-3 - (-3 + 9)) + (7 - 2)?
-4
Evaluate -6 - (-20 - (-2 + -6 + 3)).
9
Evaluate -2 - -1 - (1 + -4) - 3.
-1
What is the value of -1 - (9 - (-6 - -12))?
-4
(3 - -1 - 0) + -11 + 10
3
What is the value of (23 - 22) + (1 - -2)?
4
What is -2 + 8 + -4 - -3?
5
Evaluate -1 - (0 + (0 - -4) - 1).
-4
Evaluate -1 - 13 - (-44 + 33).
-3
Evaluate -2 - 3 - (-26 - -15).
6
Evaluate 3 + -5 + 8 + -7.
-1
Evaluate -5 - (-3 + 5 - 9).
2
Evaluate -14 + 4 + -14 + 18.
-6
What is -5 + (-25 - -29 - (-1 + 5))?
-5
What is the value of -4 + 3 + (-3 - 8) + 10?
-2
Evaluate 2 + 1 + (-3 - -1) + -5.
-4
-4 - (-7 + -2 + 4)
1
What is the value of 5 + -2 - 7 - (-3 + 0)?
-1
(-2 - 1) + 4 + 3 + 1
5
Evaluate -7 + -1 + 6 + 0.
-2
What is the value of -5 + -2 - (-7 + -3)?
3
What is the value of 3 + (-1 - 2) + -13 + 13?
0
Evaluate 5 - (-1 + -2 + 4) - 6.
-2
What is the value of 5 - 2 - (-33 - -34)?
2
(4 - (1 + 1)) + (16 - 16)
2
-1 + -1 + (-4 - -3) - -7
4
Evaluate 0 - -9 - (-15 - -22).
2
What is 2 + 2 - (2 - -3) - -4?
3
Evaluate 2 + (-3 + (-2 - -4) - 4).
-3
-1 + 5 + (2 - 8)
-2
What is 4 - (-1 + 4 + -3)?
4
1 - -7 - 5 - (-1 + 0)
4
Evaluate -4 + (10 - (-3 - -7)).
2
What is the value of 9 + -10 + (-2 - 4)?
-7
-7 + (5 - 0) + (-8 - -5)
-5
What is the value of -3 + 4 - 2 - (-1 + 1)?
-1
What is -1 + (-2 - (3 - 2))?
-4
What is 28 - 40 - (5 - 12)?
-5
Calculate -5 - (0 - 3) - (-9 - -12).
-5
What is 2 - 0 - (6 - 5)?
1
Calculate 1 + -2 + 0 + 0.
-1
What is (-1 - -1) + -1 - -3?
2
What is 10 - -2 - (-57 - -66)?
3
What is -4 + -14 + 8 + 3 + 6?
-1
Calculate 3 + -2 - (6 - (0 - -8)).
3
Evaluate (-1 + 5 - 2) + 3 + -3.
2
Calculate -1 + (22 + -5 - 13).
3
Calculate -27 - -20 - (5 - 7 - 5).
0
Evaluate 6 + -13 - (-1 - 2).
-4
Evaluate 11 + -2 + -6 + 1 + 1.
5
11 + -4 - (9 - 6)
4
Calculate 2 + (-5 - -3 - 3) + -1.
-4
Evaluate -2 + (-2 + 1 - (4 + -10)).
3
Calculate 6 - (3 - (0 + 2)).
5
Evaluate (-1 - 1) + (8 - (-7 + 19)).
-6
Calculate -3 + (22 + -13 - (2 - -1)).
3
Calculate 1 + -8 - (51 + -53).
-5
Evaluate -4 - (-10 + 4 + 6).
-4
What is -5 + (4 - -1 - 0) + -2?
-2
What is the value of -4 + 3 + (6 - (9 + -9))?
5
Calculate (32 - 25) + (-3 - (0 + 2)).
2
Calculate (0 - (0 + -2) - 1) + 1.
2
What is -4 + 3 + 1 - (5 + -5)?
0
9 + -16 + 11 + 0
4
What is (4 - -2) + -10 - -6?
2
What is the value of (1 - 0) + 6 + -26 + 22?
3
-2 + 3 - -1 - (0 - 3)
5
What is the value of 0 - 0 - (65 - 61)?
-4
Calculate -1 + (-4 - -1 - (-1 - 5)).
2
What is the value of 3 + -2 + 0 + 2?
3
What is 3 - (0 + 1) - (15 + -20)?
7
-1 + 1 - (-3 + 8 + 2)
-7
What is the value of -2 + -3 + -6 - -20?
9
What is -21 + (-2 - -8) - -8?
-7
What is 4 - (3 - (8 - 5))?
4
Calculate (17 - (0 - -15)) + (-1 - 6).
-5
Evaluate 3 + -2 - -6 - 6.
1
7 - 0 - (23 + (11 - 19))
-8
What is 1 + 1 + 2 + -1 + 0?
3
Evaluate 8 - 8 - (1 + 1 + 1).
-3
What is -7 - (0 - 3) - -8?
4
What is the value of -13 + 0 - (-18 + 0 + 11)?
-6
Calculate -3 - (-4 + -1) - 2.
0
Evaluate (-7 - (0 + -4) - 0) + 2.
-1
Calculate -11 - (9 - 10 - 12).
2
Evaluate 5 - (10 - 3) - 1.
-3
-15 - (-25 + (5 - -7))
-2
What is the value of 4 - (3 + -12 + 8)?
5
Evaluate -1 - (-3 - (0 - -2)).
4
What is 12 + (-8 - 0) + -5?
-1
Calculate 2 + (4 - 3) + -3.
0
-3 - (-1 + 1 + 2 + -1)
-4
Evaluate -1 - (-1 - (-4 + 0)).
-4
What is (11 - 10) + (1 - 5)?
-3
0 - 2 - (2 + -5)
1
(-9 - -6) + (-1 - -6)
2
What is the value of (3 - -1) + -64 + 56?
-4
Calculate -6 + 19 + (6 - 11).
8
Evaluate (7 - (6 + -4)) + (-3 - 4).
-2
What is the value of 17 + -15 - (-1 + 6)?
-3
What is the value of -4 + -7 + (0 - -8)?
-3
(-3 - (0 - 4)) + -4 + 2
-1
Calculate -4 - (-10 - -1 - -9).
-4
What is the value of -8 + -10 + 7 - -16?
5
-2 + (-7 - (-2 + 0) - -3)
-4
What is the value of -5 + 7 + (-4 - 2)?
-4
Calculate -2 + 4 - (2 + -5).
5
What is 3 - -10 - (17 - 10)?
6
4 + -7 + 6 + 1 + -7
-3
What is -3 + (-2 - -3) - (-1 + 3)?
-4
What is the value of (2 - -3 - -1) + -1?
5
What is -18 - (5 + -17) - -11?
5
What is 4 + -15 + 12 - (-1 + 7)?
-5
0 - 0 - (19 - (-6 - -24))
-1
What is the value of 0 - 2 - (-2 - (-6 - -5))?
-1
What is the value of 1 + 13 + 14 + -7 + -12?
9
What is -9 + (-4 + 21 - 7)?
1
Evaluate (-2 - -3) + -8 + 9.
2
Calculate -1 - (-1 - 0) - -1 - 2.
-1
Evaluate -2 + -1 - (-24 + 19).
2
What is the value of (3 + 0 - (0 - 0)) + -6?
-3
Evaluate -12 + 8 + 1 + -3.
-6
Calculate -8 - -5 - (4 - 5).
-2
-3 + 0 + 3 + 2
2
Calculate (-26 - -20) + (-1 - (1 - 3)).
-5
What is -2 + -1 + (1 - 3 - -4)?
-1
Calculate -1 + 2 - (-4 + 4).
1
What is the value of -1 - -4 - (-23 + (3 - -29))?
-6
-1 - (4 - 9 - -5)
-1
-12 - (3 - (5 + 16))
6
What is the value of 71 + -78 + 1 + 13?
7
What is (-6 - 